ve v(51).
-9
Let w(l) = -6724*l - 26538. Determine w(-4).
358
Let i(v) = -8*v**3 - 190*v**2 + 5*v + 77. Give i(-24).
1109
Let j(p) = 6*p**3 + 869*p**2 - 132*p + 2853. What is j(-145)?
968
Let d(o) = -4832*o - 6320254. Give d(-1308).
2
Let n(f) = 2*f**2 - 18*f - 39877. Determine n(141).
-2653
Let j(i) = 2*i**3 - 186*i**2 - 255*i + 24039. Calculate j(93).
324
Let h(i) = 8*i**2 - 1243*i - 16969. What is h(168)?
-1
Let w(h) = -14*h**2 + 2502*h - 9038. What is w(175)?
62
Let u(i) = -9*i - 1914. Give u(-212).
-6
Let y(t) = 46*t**3 - 39*t**2 - 46*t - 13. Calculate y(-2).
-445
Let v(z) = -187*z + 13119. Give v(69).
216
Let j(c) = 288*c + 28397. Give j(-100).
-403
Let r(z) = z**2 - 4090*z + 636370. What is r(162)?
34
Let y(l) = -4*l**2 - 13368*l + 133515. What is y(10)?
-565
Let x(a) = -3278*a + 386891. What is x(118)?
87
Let k(d) = 7*d**3 + 514*d**2 + 484*d - 31. Give k(-1).
-8
Let f(t) = 22*t**3 + 268*t**2 + 31*t. Calculate f(-12).
204
Let d(u) = -u**2 - 2812*u - 50242. What is d(-18)?
50
Let t(i) = -172506*i + 3622614. Determine t(21).
-12
Let r(l) = l**3 - 65*l**2 + 248*l - 208. Give r(61).
36
Let f(j) = -2305*j**3 - 3*j**2 + 142*j - 138. Give f(1).
-2304
Let f(v) = -18235*v - 2060572. What is f(-113)?
-17
Let n(w) = 48*w**2 - 7524*w - 2277. Give n(157).
-393
Let x(s) = 67*s**2 + 2954*s + 143. Determine x(-44).
-121
Let q(a) = -69*a**3 - 345*a**2 - 158*a - 824. Determine q(-5).
-34
Let o(g) = -30*g**3 - 30509*g**2 + 1009*g - 8067. Calculate o(-1017).
69
Let m(i) = -5*i**3 + 65*i**2 - 194*i + 5185. Determine m(15).
25
Let m(h) = h**3 - 3*h**2 + 142*h + 913. Give m(-5).
3
Let g(k) = 10*k**2 + 442*k + 216. Determine g(-43).
-300
Let z(n) = -2218*n + 78346. Determine z(35).
716
Let b(g) = -4*g**3 - 2697*g**2 - 698*g - 16187. Determine b(-674).
-11
Let s(x) = 1123*x - 437. Determine s(0).
-437
Let r(t) = -15665*t + 156950. Calculate r(10).
300
Let c(i) = -5*i**2 - 174*i - 1067. Give c(-11).
242
Let d(n) = -6*n**3 + 152*n**2 - 39*n - 6558. Give d(23).
-49
Let g(i) = 5213*i + 479505. Calculate g(-92).
-91
Let m(t) = t**3 + 11*t**2 - 67*t - 724. What is m(-8)?
4
Let b(k) = -496*k + 48436. What is b(98)?
-172
Let t(r) = 64877*r - 713575. Calculate t(11).
72
Let z(x) = -5*x**2 - 2430*x - 142112. Give z(-418).
8
Let v(k) = -211*k**2 + 7621*k + 22854. Determine v(-3).
-1908
Let o(n) = 487*n**2 - 38487*n + 1035. Give o(79).
-71
Let l(t) = -184*t + 16197. What is l(88)?
5
Let n(d) = 4754*d - 1378702. What is n(290)?
-42
Let s(z) = 4761*z - 362170. Give s(76).
-334
Let x(o) = 4*o**2 + 12*o + 580. Determine x(0).
580
Let k(w) = -w**3 - 115*w**2 - 1822*w + 63. Give k(-19).
25
Let h(g) = -5*g**2 - 217*g + 4142. What is h(-60)?
-838
Let x(q) = 8200*q - 204085. Calculate x(25).
915
Let m(u) = -u**3 + 140*u**2 - 150*u + 1349. Calculate m(139).
-180
Let w(d) = -661*d - 13982. Determine w(-21).
-101
Let r(s) = s**3 - 178*s**2 - 552*s + 34502. What is r(180)?
-58
Let y(k) = k**3 - 11*k**2 + 229*k - 1360. Calculate y(7).
47
Let f(m) = 24*m**2 + 624*m + 2522. Calculate f(-4).
410
Let v(j) = 37*j**2 + 1122*j + 15. Calculate v(0).
15
Let z(c) = 66*c + 620. Give z(-9).
26
Let x(f) = -4*f**3 - 3719*f**2 + 874*f - 52069. Determine x(-930).
11
Let w(y) = -7*y**2 + 65*y + 5287. What is w(-23)?
89
Let g(s) = 4*s**3 - 59*s**2 - 85*s + 1045. Give g(15).
-5
Let i(g) = -10*g**2 + 485*g - 2310. Give i(5).
-135
Let v(j) = 2*j**3 - 873*j**2 + 1332*j - 11740. Give v(435).
5
Let v(m) = -602854*m - 3617114. Determine v(-6).
10
Let q(f) = -316652*f - 10132869. Calculate q(-32).
-5
Let f(z) = -273*z - 18666. Give f(-66).
-648
Let q(p) = 4023*p + 40216. Calculate q(-10).
-14
Let c(a) = 8*a**2 + 8017*a + 56692. Determine c(-995).
-23
Let s(j) = -j**3 + 74*j**2 + 2573*j - 193120. What is s(73)?
38
Let i(t) = -12*t**3 + 733*t**2 - 60*t + 5. Give i(61).
66
Let v(f) = 9*f**2 - 272*f - 760. What is v(32)?
-248
Let a(g) = g**3 + 8*g**2 - 74*g - 597. Determine a(-10).
-57
Let s(o) = -2*o**3 + 574*o**2 + 29122*o - 296. What is s(-44)?
-32
Let z(t) = -92*t**3 + 2945*t**2 - 24*t - 111. Calculate z(32).
145
Let k(p) = 664*p + 136132. Calculate k(-205).
12
Let a(k) = -k**2 - 95*k + 1360. Calculate a(14).
-166
Let d(w) = w**2 - 245*w - 526. Determine d(247).
-32
Let w(z) = -2*z**2 + 282*z - 6503. Give w(118).
-1075
Let p(w) = -8*w**3 - 375*w**2 + 47*w + 97. Determine p(-47).
97
Let q(o) = 80*o**3 - 5*o**2 - 26*o - 8. Determine q(0).
-8
Let l(i) = 497*i**2 + 2527*i + 62. Calculate l(-5).
-148
Let g(y) = -414*y**2 + 55*y + 55. What is g(-1)?
-414
Let s(q) = -41*q**2 + 776*q - 1554. Give s(2).
-166
Let s(v) = 84*v**2 - 371*v - 389. Give s(-1).
66
Let w(b) = -376*b**2 - 21814*b - 346. Give w(-58).
2
Let b(l) = 217*l**2 - 1296*l + 8. Calculate b(6).
44
Let z(d) = d**3 + 5*d**2 - 1949*d - 19021. Determine z(-10).
-31
Let l(m) = 2*m**3 + 69*m**2 + 773*m + 3014. Give l(-17).
-12
Let z(p) = 2*p**3 + 192*p**2 + 189*p - 313. Calculate z(-95).
-218
Let m(i) = 25*i**3 - 121*i**2 + 63*i - 413. What is m(5)?
2
Let j(k) = -41*k**2 + 1755*k + 14072. What is j(-8)?
-2592
Let q(w) = -148*w - 44998. Calculate q(-304).
-6
Let v(y) = -4551*y + 15197. Give v(3).
1544
Let j(l) = l**3 - 28*l**2 - 2536*l + 74275. Give j(30).
-5
Let y(r) = 5890*r**2 - 18205*r + 1602. Calculate y(3).
-3
Let n(d) = -2341*d + 14815. What is n(6)?
769
Let k(b) = -33*b**2 - 436*b + 132. Calculate k(-16).
-1340
Let x(d) = -15412*d - 539432. What is x(-35)?
-12
Let t(j) = j**3 - 132*j**2 + 903*j + 1082. Determine t(125).
4582
Let q(v) = 3*v**3 - 17*v**2 + 2143*v - 15204. Calculate q(7).
-7
Let t(f) = 12418779*f + 49675121. Calculate t(-4).
5
Let i(h) = 2*h**2 + 1057*h - 16076. Calculate i(15).
229
Let a(z) = 2*z**2 + 11*z + 583. Give a(25).
2108
Let o(d) = -d**3 - 3149*d**2 - 6*d - 27. What is o(0)?
-27
Let a(y) = 3724*y + 3753812. Give a(-1008).
20
Let b(f) = -52645*f - 12371579. Determine b(-235).
-4
Let s(b) = 165201*b + 13711705. Calculate s(-83).
22
Let p(h) = -4*h**3 - 62*h**2 + 142*h + 1757. Determine p(-16).
-3
Let y(d) = 1164*d + 460928. Give y(-396).
-16
Let r(c) = -77505*c + 5657867. What is r(73)?
2
Let h(s) = 31*s**3 + 375*s**2 + 1009*s - 14. Calculate h(-8).
42
Let k(d) = d**2 + 36374*d - 254640. Give k(7).
27
Let f(b) = -2*b**3 + 11*b**2 + 1605*b - 851. Give f(-26).
7
Let i(a) = -10461*a**2 + 125535*a + 3. Give i(12).
39
Let h(q) = -15417*q + 15278271. Determine h(991).
24
Let a(m) = m**3 - 2*m**2 - 36*m + 57. Determine a(-11).
-1120
Let j(s) = s**3 + 196*s**2 + 211*s + 3116. What is j(-195)?
-4
Let m(p) = 2*p**2 + 735*p + 46630. Determine m(-286).
12
Let i(v) = 213*v - 28061. Calculate i(134).
481
Let z(m) = -114196*m - 114004. What is z(-1)?
192
Let b(q) = -q**2 - 17*q + 696. What is b(-38)?
-102
Let c(h) = 3*h**3 - 109*h**2 + 769*h - 342. Determine c(27).
9
Let h(l) = 2*l**2 + 224*l - 323411. Determine h(350).
-11
Let v(a) = 68*a**2 + 51*a - 205. Calculate v(5).
1750
Let j(a) = 5*a**2 + 14909*a + 29809. Give j(-2).
11
Let t(v) = -7*v**3 + 1362*v**2 + 1360*v - 1. What is t(-1)?
8
Let c(w) = 10*w**2 - 354*w + 222. What is c(33)?
-570
Let p(q) = -2*q**3 - 52*q**2 + 1710*q + 95. What is p(-45)?
95
Let b(j) = j**3 - 20*j**2 + 6*j + 109. What is b(15)?
-926
Let l(g) = 608*g + 646. What is l(-3)?
-1178
Let w(d) = 2*d**3 - 803*d**2 + 1131*d - 292731. Give w(401).
-1
Let j(b) = -24086*b - 963428. Determine j(-40).
12
Let h(z) = -346*z**3 - 200*z**2 - 192*z + 6. What is h(-1)?
344
Let h(z) = 1799*z - 39689. Determine h(22).
-111
Let x(w) = -2*w**2 + 85*w - 2858. What is x(40)?
-2658
Let a(t) = 33*t**2 + 28656*t - 28658. Give a(1).
31
Let o(j) = j**3 - 132*j**2 + 1219*j + 189. Determine o(122).
67
Let i(g) = -21608*g + 12640676. Calculate i(585).
-4
Let g(p) = p**3 - 1590*p**2 + 168292*p - 3191. Determine g(114).
1
Let s(c) = 2*c**3 + 902*c**2 - 1765*c - 90. What is s(2)?
4
Let k(x) = -1053*x + 27184. Give k(26).
-194
Let a(q) = q**3 + 209*q**2 - 1240*q - 127. Calculate a(6).
173
Let k(a) = -82980*a**2 - 1078745*a - 24. Give k(-13).
41
Let f(y) = y**3 + 401*y**2 + 16807*y - 48339. Calculate f(-353).
22
Let j(a) = 455*a - 12769. Give j(30).
881
Let b(r) = -6962*r + 257557. Calculate b(37).
-37
Let f(s) = s**3 + 4721*s**2 + 94018*s - 62. Calculate f(-20).
-22
Let c(x) = -x**3 + 594*x**2 + 10871*x + 88745. Determine c(612).
5
Let i(l) = -98*l**2 - 1